{"id":11,"date":"2023-12-16T16:25:53","date_gmt":"2023-12-16T13:25:53","guid":{"rendered":"https:\/\/safaribungalov.com\/?page_id=11"},"modified":"2026-04-16T12:03:07","modified_gmt":"2026-04-16T09:03:07","slug":"dijital-donusumde","status":"publish","type":"page","link":"https:\/\/safaribungalov.com\/?page_id=11","title":{"rendered":"Dijital D\u00f6n\u00fc\u015f\u00fcmde"},"content":{"rendered":"<div class=\"brz-root__container brz-reset-all brz brz-root__container-page\">\n<section id=\"_vh1IfAN5AQ__\" class=\"brz-section brz-css-1cioi0w\">\n<div class=\"brz-section__content brz-section--boxed brz-css-17bhznh brz-css-1sl5xmt\" data-brz-custom-id=\"gcXMJ3pJZd0w\">\n<div class=\"brz-bg\">\n<div class=\"brz-bg-color\"><\/div>\n<div class=\"brz-bg-shape brz-bg-shape__bottom\"><\/div>\n<\/div>\n<div class=\"brz-container brz-css-g3zzxe\">\n<div id=\"\" class=\"brz-css-qgmwk6 brz-wrapper\">\n<div class=\"brz-image brz-css-1itrxpb\" data-brz-custom-id=\"pRjRJPtAVXLA\"><img decoding=\"async\" class=\"brz-img\" src=\"https:\/\/safaribungalov.com\/wp-content\/uploads\/2023\/12\/yuvarlak-logo.png\" alt=\"\" loading=\"lazy\"><\/div>\n<\/div>\n<div id=\"\" class=\"brz-css-qgmwk6 brz-css-kj2yxz brz-css-qdcxu1 brz-wrapper\">\n<div class=\"brz-spacer brz-css-1x87udv brz-css-1iidcoe\"><\/div>\n<\/div>\n<div id=\"\" class=\"brz-css-qgmwk6 brz-css-xyxru1 brz-wrapper\">\n<div class=\"brz-rich-text brz-rich-text__custom brz-css-1rli6to\" data-brz-custom-id=\"qavNY3gucxB3\">\n<div data-brz-translate-text=\"1\">\n<h1 class=\"brz-tp-xs-heading2 brz-tp-sm-heading2 ql-align-center brz-text-lg-center brz-tp-lg-heading1 brz-css-fF7aI\" data-generated-css=\"brz-css-mOSDw\" data-uniq-id=\"ynZ1M\"><span> Dijital d\u00f6n\u00fc\u015f\u00fcmde\u2026<\/span><\/h1>\n<\/div>\n<\/div>\n<\/div>\n<div id=\"\" class=\"brz-css-qgmwk6 brz-css-kj2yxz brz-css-116smuf brz-wrapper\">\n<div class=\"brz-spacer brz-css-1x87udv brz-css-wyrn7o\"><\/div>\n<\/div>\n<div class=\"brz-row__container brz-css-17qdnx5\" data-brz-custom-id=\"pzjXO49xH3H9\">\n<div class=\"brz-bg\"><\/div>\n<div class=\"brz-row brz-css-t700t4 brz-css-wnsqgm\">\n<div class=\"brz-columns brz-css-p4a4j9 brz-css-1pes6yn\" data-brz-custom-id=\"ahAqv4JKEEsB\">\n<div class=\"brz-bg\"><\/div>\n<div class=\"brz-column__items brz-css-sz1wqo\">\n<div id=\"\" class=\"brz-css-qgmwk6 brz-css-kj2yxz brz-wrapper\">\n<div class=\"brz-spacer brz-css-1x87udv brz-css-1kb8h15\"><\/div>\n<\/div>\n<\/div>\n<\/div>\n<div class=\"brz-columns brz-css-p4a4j9 brz-css-18mj06h\" data-brz-custom-id=\"adiyCbEn27Y7\">\n<div class=\"brz-bg\"><\/div>\n<div class=\"brz-column__items brz-css-sz1wqo\">\n<div id=\"\" class=\"brz-css-qgmwk6 brz-css-kj2yxz brz-wrapper\">\n<div class=\"brz-spacer brz-css-1x87udv brz-css-doeocy\"><\/div>\n<\/div>\n<\/div>\n<\/div>\n<\/div>\n<\/div>\n<\/div>\n<\/div>\n<\/section>\n<section id=\"_ihlzjPKENpYQ\" class=\"brz-section brz-css-1cioi0w\">\n<div class=\"brz-section__content brz-section--boxed brz-css-17bhznh brz-css-lylph8\" data-brz-custom-id=\"q7lr1GLHLYV3\">\n<div class=\"brz-bg\">\n<div class=\"brz-bg-color\"><\/div>\n<\/div>\n<div class=\"brz-container brz-css-g3zzxe\">\n<div id=\"\" class=\"brz-css-qgmwk6 brz-css-ygp7iv brz-wrapper\">\n<div class=\"brz-rich-text brz-rich-text__custom brz-css-1rli6to\" data-brz-custom-id=\"pDk7aIJshSUW\">\n<div data-brz-translate-text=\"1\">\n<h2 class=\"brz-text-lg-center brz-tp-lg-heading2 brz-css-ypeUg\" data-uniq-id=\"iN_1E\" data-generated-css=\"brz-css-z6WMi\"><\/h2>\n<\/div>\n<\/div>\n<\/div>\n<div id=\"\" class=\"brz-css-qgmwk6 brz-css-kj2yxz brz-wrapper\">\n<div class=\"brz-spacer brz-css-1x87udv brz-css-p9qfjz\"><\/div>\n<\/div>\n<div id=\"\" class=\"brz-css-qgmwk6 brz-css-kj2yxz brz-wrapper\">\n<div class=\"brz-spacer brz-css-1x87udv brz-css-1p9gv6s\"><\/div>\n<\/div>\n<\/div>\n<\/div>\n<\/section>\n<\/div>\n<p>    <!-- version:1737003172 --><\/p>\n","protected":false},"excerpt":{"rendered":"<p>Dijital d\u00f6n\u00fc\u015f\u00fcmde\u2026<\/p>\n","protected":false},"author":1,"featured_media":0,"parent":0,"menu_order":0,"comment_status":"closed","ping_status":"closed","template":"brizy-blank-template.php","meta":{"footnotes":""},"class_list":["post-11","page","type-page","status-publish","hentry"],"_hostinger_reach_plugin_has_subscription_block":false,"_hostinger_reach_plugin_is_elementor":false,"brizy_media":[{"id":18,"url":"https:\/\/safaribungalov.com\/wp-content\/uploads\/2023\/12\/yuvarlak-logo.png","name":"yuvarlak-logo.png","meta":{"brizy_attachment_uid":"wp-8660a051bf23cc9e96910fc54323ca75.png","brizy_post_uid":["f1b53214d8585f8c4a97f76f0be85efe","7744c9c1b8d731982607fefbc61e0de3"]}}],"_links":{"self":[{"href":"https:\/\/safaribungalov.com\/index.php?rest_route=\/wp\/v2\/pages\/11","targetHints":{"allow":["GET"]}}],"collection":[{"href":"https:\/\/safaribungalov.com\/index.php?rest_route=\/wp\/v2\/pages"}],"about":[{"href":"https:\/\/safaribungalov.com\/index.php?rest_route=\/wp\/v2\/types\/page"}],"author":[{"embeddable":true,"href":"https:\/\/safaribungalov.com\/index.php?rest_route=\/wp\/v2\/users\/1"}],"replies":[{"embeddable":true,"href":"https:\/\/safaribungalov.com\/index.php?rest_route=%2Fwp%2Fv2%2Fcomments&post=11"}],"version-history":[{"count":5,"href":"https:\/\/safaribungalov.com\/index.php?rest_route=\/wp\/v2\/pages\/11\/revisions"}],"predecessor-version":[{"id":25,"href":"https:\/\/safaribungalov.com\/index.php?rest_route=\/wp\/v2\/pages\/11\/revisions\/25"}],"wp:attachment":[{"href":"https:\/\/safaribungalov.com\/index.php?rest_route=%2Fwp%2Fv2%2Fmedia&parent=11"}],"curies":[{"name":"wp","href":"https:\/\/api.w.org\/{rel}","templated":true}]}}